Is g(j) a prime number?
False
Suppose -g - 371 = -2*g. Let j be 10/2 - ((-13440)/3)/8. Let a = j - g. Is a composite?
True
Suppose 5*y = 2053 + 2022. Is y a composite number?
True
Let r(n) = n**2 - 2*n + 97. Is r(0) a composite number?
False
Let v be 40/(-6)*9 + 4. Let h = -37 - v. Is h a composite number?
False
Let q(j) = -32*j + 1 - 16*j + 18*j. Let g be q(2). Let n = 32 - g. Is n composite?
True
Let x be (0/(-8 - -3))/(-2). Suppose 0*q - 2*q - 3*c + 283 = x, -q + c = -129. Is q composite?
True
Suppose g - 4*w = 9966, 4*w - 39964 = -5*g + g. Is g a composite number?
True
Suppose -9604 = 4*q - 11*q. Let n = q + -533. Is n prime?
True
Let i = 0 + -1. Let f be (-9 - i)/(-2)*1. Suppose 0 = -f*h + 78 + 550. Is h a prime number?
True
Let g be (-1)/((-1)/5) - 0. Suppose -g*n + 1008 = -847. Is n composite?
True
Suppose 0 = 3*g - 15, -37*g + 34*g = 2*r - 4681. Is r prime?
True
Suppose 5*v = 5*j + 45620, -21*v + j - 9130 = -22*v. Is v composite?
False
Suppose 2*z - 3 = 3*z. Let o be z*1/6*2. Let w(k) = -21*k + 1. Is w(o) composite?
True
Let a be -1 + (5 - 7) - 16/(-2). Suppose a*l = -4*j - 0*l + 930, -j + 5*l = -245. Is j a prime number?
False
Suppose -u - 5 = -4. Let c be (-674)/u + (5 - 1). Suppose -795 = -5*h - 4*a, -5*h + a = -c - 92. Is h a prime number?
False
Suppose 30 = -0*a + 5*a + 5*g, 0 = -2*a + g + 9. Suppose -4 = -0*m - 2*m, 18033 = a*p - m. Is p a composite number?
False
Suppose 2*k + 26 = -r - 3*r, -k - 3*r = 14. Is (k - -7) + (-59)/(-1) a prime number?
False
Let b(g) be the second derivative of g**5/10 - g**4/3 + 5*g**2/2 + 3*g. Let y = 12 - 7. Is b(y) a composite number?
True
Let v be (-2)/(-8)*0/(-10). Suppose -3*l + 68 + 1393 = v. Is l a composite number?
False
Suppose -2*m - 144 + 1390 = 0. Is m prime?
False
Let d be (2*(-2230)/6)/(10/(-15)). Suppose -d - 9214 = -3*a. Is a prime?
False
Let u(r) = -5*r**2 + 0*r**3 - 1 + 0*r**3 + 9*r - r + 2*r**3. Is u(8) prime?
False
Is (-9334)/(-4) - ((-15)/(-10))/3 composite?
False
Let k(x) = x + 3. Let z(v) = v**2 - 7*v + 6. Let s be z(6). Let n be k(s). Suppose -4*p + 277 = l, 2*p - 273 = -l - n*p. Is l a composite number?
False
Suppose 10*v - 1218 - 5692 = 0. Is v a prime number?
True
Suppose 0 = 5*u + 3*l + 5, 0 = -3*u - 3*l - 0*l - 9. Let k be 8 + (-12)/8*u. Suppose 2811 = k*y + 766. Is y composite?
False
Let v(a) = 126*a**2 - a - 1. Let j be v(-1). Is (-1 - 2) + 2 + 2 + j prime?
True
Is (-1)/((-1)/41848) + (347 - 352) prime?
True
Let j(w) = -109*w + 1. Let n be 0 + -5 + 2/1. Let h be j(n). Suppose 4*k + 66 = -2*i + 714, 2*k - i - h = 0. Is k prime?
True
Suppose -174 = -2*q + 3*s - 2*s, 5*s + 342 = 4*q. Let k(t) = 3 - 2 - 2 + 62*t + q*t. Is k(5) a composite number?
True
Let i(l) = -l**3 - 5*l**2 - 2*l - 5. Let s be i(-5). Suppose 0 = -s*n + 2670 - 315. Is n prime?
False
Let t(h) = 2*h**2 - 17*h + 14. Let b = 5 - 2. Suppose b*r = -4*k + 55, 0 = -r + k + k + 5. Is t(r) a prime number?
True
Suppose 20260 = 21*z - 18317. Is z composite?
True
Let v(t) = 2*t**2 - 4. Let n be v(-2). Suppose 6*g + n*s = g + 2437, -5*g = -3*s - 2416. Is g prime?
False
Is (3 + 4*-1)*(11 - 5580) prime?
True
Let u be (-27)/45 + 156/10. Suppose 2*q + h = 6*h + 21, -2*q + 3*h + u = 0. Suppose -q*g = g - 636. Is g prime?
False
Suppose 0 = 3*x + 5*u + 3202, x - u = -2*u - 1070. Let q = x + 1549. Is (2 - (-2 - 0)) + q prime?
True
Let z be (-2)/13 + 216/52. Suppose 4*j - 2962 = 5*i, -z*j + i = -831 - 2139. Is j composite?
False
Let m be (-3)/(-4 - 81/(-21)). Is (-3691)/(-7) - (-3)/m*-2 a composite number?
True
Let x be 44/55*5*1. Let n be x*(-3)/6 - 49. Let q = 72 + n. Is q a composite number?
True
Suppose 26 = 3*o - 4*b, 2*b = -3*o + b + 1. Let k(y) = 46*y + 96 - 50 - 49. Is k(o) a composite number?
False
Let c = -8818 - -13379. Is c prime?
True
Let m be (0 + -2)*(-36619)/(-22). Let z = 6250 + m. Is z composite?
True
Let a be 2036/8 + (-2)/4. Suppose -4*t + 5*f = t - 10, 2*t = -3*f - 6. Suppose t*w + a = 2*w. Is w composite?
False
Let x(k) = -k**3 - 19*k**2 - 21*k - 1. Is x(-18) a prime number?
True
Suppose 2*r - 4 = -0*r. Let u(n) = -37*n**2 - n. Let g be u(r). Let h = -61 - g. Is h prime?
True
Suppose -64 = -2*s + 4*s. Let f be (-6)/8 + 10824/s. Is 1/(1*(-3)/f) prime?
True
Suppose -6514 = -9*j + 31925. Is j prime?
True
Let g be 5530/60 + 2/(-12). Suppose -g = 6*q - 830. Is q a prime number?
False
Suppose 2*y - 5*y = 2085. Let g = y - -1146. Is g composite?
True
Suppose 5*d = 2*n + 98165, 23054 = d + 2*n + 3433. Is d a composite number?
True
Let w(a) = -a**3 - 13*a**2 + 6. Let c be w(-13). Is ((-34)/c + -2)*-15 composite?
True
Let h(w) = -2 - 6*w**2 + 3 + 17*w**2 + 2*w**3 + 6*w + 3. Let i be h(-8). Let q = i + 999. Is q composite?
True
Suppose 4*k + 2510 = 14*k. Is k composite?
False
Let y = -9 + 9. Suppose 0 = -a + 5*x + 227, y = a + 3*a + 4*x - 860. Is a a composite number?
True
Let d = -312 + 27. Suppose 5*a + 5*q = -825, 2*q - 525 = 5*a + 335. Let j = a - d. Is j a composite number?
True
Let z(l) = 2*l**2 + 8*l + 5. Let s be z(-5). Let k(f) = f**2 + 10*f + 43. Let o be k(-10). Suppose -a + s = -o. Is a composite?
True
Let f(q) = -2*q**2 + 7*q - 7. Let x be f(7). Let j = x - -589. Is j a prime number?
False
Suppose 10*p - 15*p + 4*t + 13185 = 0, 0 = 3*p + 2*t - 7889. Is p prime?
True
Let i(t) = 26*t - 15. Let v be i(20). Suppose -5*w + 4690 + 1935 = 0. Suppose -6*p + w = -v. Is p prime?
False
Let s = 1297 - 294. Is s composite?
True
Suppose -144 - 51 = -4*u + 5*t, -125 = -2*u - 3*t. Suppose -5*x - u = b, -3*b + 33 = -5*x + 2*x. Is (-4915)/x + (-4)/(-22) prime?
False
Let y = 101 + -72. Suppose 2*w - 30 = -2*i, 0 = -5*i - 3*w + 5*w + 40. Let t = y - i. Is t a composite number?
False
Let g(n) = n**2 - n + 8. Is g(18) composite?
True
Suppose -6*w + 19 = -5. Suppose -82 = -2*f - w*g, -3*f = -0*f + 5*g - 128. Is f prime?
False
Let q(b) = 10 + b - 8*b + b**2 - 2*b**2. Let h be q(-8). Suppose -355 = -2*c - 2*c + 5*z, -h*c + 4*z = -170. Is c composite?
True
Suppose 0 = i + 128 - 762. Is i prime?
False
Let d be (-10)/10*(-1 - 2). Suppose -2*c = d*c - 25. Suppose -f - 140 = -c*f. Is f composite?
True
Suppose 16*v = 243221 + 453947. Is v a composite number?
False
Suppose 6*b + 3*x + 89 = 4*b, -162 = 3*b - 5*x. Let p be 2/(-7) + (-19222)/b. Suppose -3*q = -169 - p. Is q composite?
True
Let w(s) be the first derivative of -157*s**2/2 - 4*s - 7. Is w(-3) prime?
True
Let j = -732 + 1273. Is j a prime number?
True
Suppose -11 + 9 = -t. Suppose t*b = 3*b + 13. Let d(y) = -33*y - 14. Is d(b) a composite number?
True
Suppose 30 = x - 4*a, -3*x + 75 = 4*a - a. Let o = 13 + x. Suppose -3*s + 18 = -o. Is s prime?
True
Let w = 24 - 19. Suppose 2*x = w*s - 24, 5*s = 8 - 18. Is (-17)/x*79*1 a composite number?
False
Let r be 0/(2 + 0/(-3)). Suppose r = 3*i + 4*f - 347, -i - 560 = -6*i - 3*f. Is i a prime number?
True
Let w = -59902 - -128813. Is w prime?
False
Let m(u) be the first derivative of 5*u**4/4 - u**2/2 + u + 4. Let w be m(1). Suppose -2*n - 59 = -w*a + n, -3*a + 3*n + 39 = 0. Is a a composite number?
True
Suppose -4*l + 7833 = 4*a - 9*l, -3*l = 3*a - 5868. Is a composite?
True
Let z = 23398 + -13931. Is z prime?
True
Let x(t) = t**2 - 30*t + 430. Is x(51) prime?
False
Let o = 5258 - 1281. Is o prime?
False
Suppose -11 + 21 = 5*q. Suppose -q*i - 4*g + 3254 = 0, -3*g - g = -5*i + 8205. Is i prime?
True
Let b(k) = 2*k**2 - 5*k + 8. Suppose 34 = 4*z - 2*a, 4*a = -4*z + 1 + 3. Suppose -2*o + z*o = 40. Is b(o) prime?
False
Let x(j) = -j**3 - j**2 + 5*j + 2. Suppose 0 = 17*h - 13*h + 12. Let u be x(h). Suppose -u*c + 2350 = t, 0 = 2*c + t + t - 932. Is c a composite number?
True
Let g(q) = -93*q**3 + 5*q**2 + 16*q - 11. Is g(-6) a composite number?
False
Let y(v) = -v**3 + 14*v**2 - 16*v + 14. Suppose -3*f + 35 = -2*g - 3*g, -4*g + 46 = 5*f. Is y(f) a prime number?
False
Suppose 0*u + 340 = -2*u. Suppose 0 = -4*a - 5*k + 1715, -3*a - a + 2*k + 1750 = 0. Let o = u + a. Is o a composite number?
True
Is (16/(-200) + 1438/(-150))*-1779 a composite number?
True
Let i(u) = 3*u**3 - 3*u**2 + 4*u + 8. Let x be i(6). Let d = x - 385. Is d a prime number?
False
Let o(j) = -3*j**3 + 17*j**2 + j + 17. Let d(f) = -7*f**3 + 34*f**2 + 3*f + 33. Let t(l) = -2*d(l) + 5*o(l). Is t(17) a composite number?
False
Is (-5)/(-4) + (352975/20 - -7) prime?
True
Le